Suppose 21*t - 6736 = v*t. What is the hundreds digit of t?
6
Let y = 62 + -55. Suppose -j + y*j = 1680. What is the units digit of j?
0
Let r = 22518 + -12235. What is the thousands digit of r?
0
Suppose 0 = -4*y - 837 + 2561. Let g = -162 + y. What is the hundreds digit of g?
2
Let a be 1 + -1 + -2 - (-17253)/9. Suppose -342 = -2*p - 4*r + 620, a = 4*p + 5*r. Suppose p = 7*s + 76. What is the tens digit of s?
5
Let t be (-30)/(-10) - (0 + 1). Suppose 0*r + 4*r - t*d = 378, 3*d + 276 = 3*r. Let v = 2 + r. What is the units digit of v?
9
What is the ten thousands digit of -222*(-5)/30*723?
2
Let w = 5551 + -2037. What is the tens digit of w?
1
Let r be 2/(-1) + (-2)/1 + 4. Suppose r = 9*t - 7*t. What is the units digit of (t - (1 - 0))/(-1)?
1
Suppose -2*l - 11658 = -2*o, -4*l = -5*o + 12082 + 17062. Suppose 0 = 3*b - o - 460. What is the tens digit of b?
9
Suppose 5*s = -4*r + 143, -17*r + 5*s + 49 = -15*r. Let m(p) = 18*p + 4. Let d be m(3). Let x = d - r. What is the tens digit of x?
2
Let n(z) be the third derivative of -7*z**4/24 - 29*z**3/3 + 34*z**2. Let l be n(-9). What is the hundreds digit of -16*(l + 140/(-8))?
2
Suppose -3*c + 18 = 0, 0 = -4*w + 69*c - 68*c + 20802. What is the tens digit of w?
0
Let x(t) = 10*t - 57. Let r be x(6). Suppose -r*h + 81 = -2*q - 422, 509 = 3*h + q. What is the tens digit of h?
6
Let m be ((-2)/(-13) - (-4)/(-26)) + -5. Let f(k) = -4*k + 36. Let u be f(m). Suppose 0 = -j + 5*j - 4*w - u, 0 = j - 3*w - 4. What is the units digit of j?
9
Suppose 334*g = 3807757 + 13831117. What is the units digit of g?
1
Suppose -126*r + 143*r = 0. Suppose r = 2*c + 56*c - 77778. What is the thousands digit of c?
1
Let x = -141 + 5898. What is the hundreds digit of x?
7
Let y be (-47 - -15) + (3 - 1). What is the tens digit of -2 + (-32)/3*y/4?
7
Let t(v) = v**3 - 6*v**2 + 27*v + 904. What is the thousands digit of t(37)?
4
Let r = 89 + -86. Suppose -r = -b + 3*y, 5*b - 4*y = -0*b + 15. Suppose -s + 2*k = b*s - 80, 2 = -k. What is the units digit of s?
9
Let q = 11599 + 14378. What is the hundreds digit of q?
9
Let l(q) = -q**2 + 10*q + 29. Let v be l(12). Suppose 0 = -3*z + 2*b - 7*b + 2327, 0 = z - v*b - 789. What is the hundreds digit of z?
7
Suppose -13*y + 1789767 - 239689 = 61*y. What is the thousands digit of y?
0
Suppose h = 4*x - 53738, h + 67173 = -14*x + 19*x. What is the thousands digit of x?
3
Let a(m) = -m**3 + 13*m**2 + 19*m + 3. Let x be a(13). Suppose -x = -0*k - 4*k - 3*d, 3*k - 194 = d. Let p = k + -32. What is the tens digit of p?
3
Let u be 72/14 - (-3)/(-21). Suppose 1716 = 4*v - 4*y, -v + 8*y + 431 = u*y. What is the units digit of v?
8
Let j = 146 + -144. What is the hundreds digit of (48/28)/(1*j/371)?
3
Suppose 213*o - 2029942 = 151*o. What is the tens digit of o?
4
Let g(p) = 2*p**3 - 128*p**2 - 12*p + 1387. What is the tens digit of g(65)?
5
Suppose 5*t = 1 + 334. Let k = t + -66. What is the units digit of (-17*1)/(32/(-28) + k)?
9
Let f be 108/57 + 12/114. Suppose -f*r + 8 = -2*v, 4*r + v - 15 = 6. Suppose 4*d - 2 = -b, r*b + 0*d - 130 = 4*d. What is the tens digit of b?
2
Let s(k) = -24*k**3 + 3. Let f be 1/6*2*-6. What is the tens digit of s(f)?
9
Let p(y) = -3*y**3 - 14*y**2 - 44*y - 209. What is the tens digit of p(-25)?
1
Let b(a) = 644*a - 907. What is the hundreds digit of b(4)?
6
Let x be (99/363)/(4/44). Suppose -l = -h - 196, -5*h - 188 = 4*l - 5*l. Suppose f = -4*v + l, v - x*f = -0*f + 56. What is the units digit of v?
0
Suppose 24 = 4*b + 2*u, -2*b + 28 = 2*u - 5*u. What is the units digit of 146 + 2/(-3)*12/b?
5
Let t(b) = -2*b**2 + 2*b. Let f be t(2). Let l be (3 + -3)*f/12. Suppose 2*d - 424 = -5*c, l*c + 4*d + 244 = 3*c. What is the units digit of c?
4
Let i = -524 + 499. What is the units digit of ((-26915)/i - 12) + (-2)/(-5)?
5
Suppose 10*m = 9*m + 90. Let f = -102 + m. What is the units digit of f/14*((-35)/(-5))/(-1)?
6
Let t(q) = 69*q - 7. Let k(p) be the first derivative of p - 18. Let d(c) = -2*k(c) + t(c). What is the tens digit of d(2)?
2
Suppose -4*z = -52 + 28, 0 = -2*l + 3*z + 6846. What is the thousands digit of l?
3
Let s(i) = i + 3. Let f(t) = -5*t - 20. Let c(q) = -6*f(q) - 34*s(q). What is the units digit of c(-6)?
2
Let x = -199 + 482. What is the tens digit of -7 + 9 + (x - -2)?
8
Suppose 21*h = 26*h - 185. Suppose o = -3, 4*c - h = -c + 4*o. Suppose c*n - 57 - 253 = 0. What is the tens digit of n?
6
Let b = 1379 + 3022. What is the tens digit of b?
0
Let r(u) = 25*u**2 - 314*u - 19. What is the units digit of r(-7)?
4
Suppose -10*r = -5*r - 15. Let p(b) = b - b**r + 28 - b**2 - 3*b - 26. What is the units digit of p(-5)?
2
What is the units digit of (-9599)/((-1)/(-4)*-4)?
9
Suppose -8*n + 11*n = 63. Let j = 2 + n. Let p = 31 + j. What is the units digit of p?
4
Let f(r) = 3*r**2 - 48*r - 275. What is the units digit of f(41)?
0
Suppose -4*b = -3*m - 53, 4*m + 4*b - 2*b + 34 = 0. Let i = m + -21. Let z = 80 + i. What is the units digit of z?
8
Suppose -2*o = 5*r - 47726, 30*r - 25*r + 119175 = 5*o. What is the hundreds digit of o?
8
Let v = -3761 + 13901. What is the tens digit of v?
4
Let n(v) = 103*v - 194. Suppose 7*g - 20 = 15. What is the tens digit of n(g)?
2
Let d = 46 + -39. Suppose -4*z + 19 - d = 0. What is the units digit of z?
3
Let p(g) = g**2 - 15*g - 31. Let k be p(16). What is the units digit of k*3*(-36)/27?
0
Let w = 5898 - 2099. What is the hundreds digit of w?
7
Let x be -4 + (-27)/45 + 8446/10. Suppose 0 = -g - h + x, 0 = g + h + 2*h - 842. What is the units digit of g?
9
What is the tens digit of 37*(15 - (-711)/(-45) - 1148/(-10))?
1
Let s(q) = -2*q**3 + 211*q**2 - 101*q + 244. What is the units digit of s(103)?
6
Let z = 27261 - 18624. What is the tens digit of z?
3
Let s be (-8)/(-20) - (-215)/25. Let p be 1*(3/s - 5/(-3)). Let l(c) = 55*c**2 + 4*c - 14. What is the tens digit of l(p)?
1
Let r(c) = -c**3 + 5*c**2 + 4*c + 14. Let t be r(6). Let g(o) = 94*o**2 - 2*o - 4. What is the units digit of g(t)?
8
Suppose 22 = -6*z - 14. Let n be (-3 + (1 - -1))*(2 + z). Suppose n*f - 474 = f. What is the hundreds digit of f?
1
Suppose -385938 = -77*a + 102951 + 53037. What is the hundreds digit of a?
0
Suppose 4*y + 4*w - 128 = 0, 0 = 2*y - w + 1 - 68. Let d be (-554)/22 + 237/y + -7. What is the hundreds digit of ((-5)/d)/(2/(-5))*-478?
2
Let g be (115/10)/((-7)/(-14)). Suppose -21*a = -g*a + 3*n + 3164, -6330 = -4*a + 5*n. What is the units digit of a?
5
Let p be -38*(14/35)/((-12)/15). Suppose 0 = -p*t + 1944 + 925. What is the units digit of t?
1
Suppose 17820 = 8*l + 12*l. Let r = -509 + l. What is the hundreds digit of r?
3
Let a(k) = k**2 + 6*k + 2. Let s be a(-7). Let l(i) = -11*i + 2. Let z(c) = 12*c - 2. Let y(j) = -3*l(j) - 2*z(j). What is the tens digit of y(s)?
7
Let o = 86 - 75. Suppose -o*d = 4*d - 4065. What is the hundreds digit of d?
2
Suppose 29*j - 45*j + 6422 = -29898. What is the tens digit of j?
7
Suppose -o = -3*i - 6097, 4*i = 3*o - 8*o + 30466. What is the thousands digit of o?
6
Let w = -26503 + 44602. What is the tens digit of w?
9
Let r(z) = 100*z**2 - 86*z - 563. What is the tens digit of r(-6)?
5
Let k = 9758 - -3143. What is the units digit of k?
1
Let k(g) = -52*g - 6. Let n be 0 + 4/8 + 99/6. Suppose 9 - n = 4*d. What is the tens digit of k(d)?
9
Let y(g) = -2*g**3 + 2*g**2 - 16*g - 20. Let a be y(-11). Let k = -1815 + a. Suppose 5*q + k = 5*j, 5*j - 5*q + 4*q - 1253 = 0. What is the units digit of j?
1
Suppose 479 + 772 = m. Let k = 2288 - m. What is the hundreds digit of k?
0
Let f = -120 + 152. Suppose -13*k + f = -12*k. What is the units digit of k?
2
Let c(r) = -r**2 + 6*r - 6. Let p be c(2). Suppose 0 = p*j - 67 - 53. What is the tens digit of j?
6
Let o be (-9)/3 + (7 - -2). Suppose o*m = 8 - 20. What is the units digit of (5/20*m)/(3/(-942))?
7
Let t = -76 + 82. Suppose 9*f - 1446 = t*f. Suppose -9*k - f + 1508 = 0. What is the units digit of k?
4
Suppose -4*z - 20*u + 17*u = 11, -4*z - 4*u = 12. Let b(i) = -i - 2. Let h be b(2). What is the tens digit of ((-50)/h)/((-1)/z)?
2
Suppose 3*g = 24 - 12. Suppose g*b + 735 = 11*b. What is the tens digit of b?
0
Suppose -l - 2*l = -7*l. Suppose -14*a + 16*a - 412 = l. What is the hundreds digit of a?
2
Let h(u) = 971*u**2 - 43*u + 81. What is the hun